highest common divisor of 12 and 27.
3
Calculate the highest common divisor of 36 and 44.
4
What is the highest common factor of 1071 and 126?
63
What is the highest common factor of 6 and 414?
6
Calculate the greatest common factor of 52 and 949.
13
Calculate the highest common factor of 53 and 5353.
53
What is the highest common factor of 42 and 30?
6
What is the greatest common divisor of 6204 and 94?
94
What is the highest common divisor of 8 and 7?
1
What is the greatest common divisor of 3150 and 84?
42
What is the highest common divisor of 2720 and 85?
85
Calculate the highest common divisor of 72 and 24.
24
Calculate the highest common divisor of 2352 and 70.
14
Calculate the greatest common divisor of 36 and 9.
9
Calculate the highest common divisor of 470 and 150.
10
Calculate the greatest common factor of 66 and 5874.
66
What is the highest common factor of 36414 and 42?
42
What is the highest common divisor of 1684 and 4?
4
What is the greatest common divisor of 253 and 583?
11
What is the greatest common factor of 182 and 208?
26
What is the highest common divisor of 1290 and 60?
30
Calculate the highest common factor of 504 and 112.
56
What is the greatest common factor of 23 and 32?
1
What is the greatest common factor of 103 and 206?
103
Calculate the greatest common divisor of 217 and 973.
7
Calculate the greatest common divisor of 31066 and 196.
98
Calculate the greatest common factor of 1008 and 1296.
144
What is the greatest common factor of 6102 and 452?
226
Calculate the greatest common factor of 104 and 754.
26
Calculate the highest common divisor of 950 and 1150.
50
What is the highest common factor of 20 and 92?
4
What is the highest common factor of 140 and 820?
20
What is the highest common factor of 2607 and 132?
33
What is the highest common divisor of 365 and 10?
5
Calculate the greatest common factor of 2160 and 1200.
240
Calculate the greatest common factor of 436 and 218.
218
Calculate the greatest common factor of 330 and 1045.
55
What is the greatest common divisor of 735 and 588?
147
Calculate the greatest common factor of 30 and 30.
30
Calculate the highest common factor of 447 and 3.
3
Calculate the highest common divisor of 224 and 42.
14
Calculate the greatest common factor of 73 and 52.
1
What is the greatest common divisor of 21816 and 216?
216
What is the greatest common factor of 598 and 1978?
46
What is the greatest common divisor of 12711 and 57?
57
What is the greatest common factor of 2 and 90?
2
What is the greatest common divisor of 3495 and 15?
15
What is the highest common factor of 184 and 69?
23
Calculate the greatest common divisor of 62 and 11129.
31
What is the greatest common factor of 6097 and 728?
91
What is the greatest common factor of 49 and 455?
7
What is the greatest common factor of 117 and 13?
13
What is the greatest common factor of 3120 and 728?
104
What is the highest common factor of 3626 and 28?
14
What is the highest common factor of 25 and 35?
5
Calculate the greatest common factor of 27 and 7470.
9
Calculate the highest common factor of 116 and 145.
29
Calculate the greatest common factor of 81 and 297.
27
What is the greatest common factor of 2576 and 42?
14
Calculate the highest common divisor of 56 and 196.
28
Calculate the greatest common divisor of 132 and 143.
11
Calculate the greatest common factor of 203 and 87.
29
Calculate the greatest common divisor of 5 and 4260.
5
Calculate the greatest common factor of 91 and 93639.
91
Calculate the greatest common divisor of 6 and 7224.
6
Calculate the highest common divisor of 188 and 576.
4
Calculate the highest common divisor of 268 and 8308.
268
What is the greatest common factor of 1064 and 224?
56
What is the greatest common divisor of 12 and 21?
3
Calculate the greatest common factor of 58 and 4.
2
Calculate the greatest common divisor of 4134 and 24.
6
What is the greatest common factor of 405 and 1863?
81
What is the greatest common factor of 3150 and 42?
42
Calculate the highest common factor of 17384 and 205.
41
What is the greatest common divisor of 3 and 167?
1
Calculate the greatest common divisor of 235 and 75.
5
What is the highest common factor of 38 and 21166?
38
Calculate the highest common divisor of 2720 and 160.
160
What is the highest common divisor of 117 and 117?
117
Calculate the greatest common divisor of 24 and 444.
12
Calculate the greatest common divisor of 2133 and 486.
27
What is the greatest common factor of 150 and 3975?
75
What is the greatest common divisor of 14 and 3178?
14
What is the greatest common divisor of 889 and 14?
7
Calculate the greatest common divisor of 741 and 2508.
57
Calculate the highest common factor of 189 and 56.
7
Calculate the greatest common factor of 47 and 15557.
47
Calculate the greatest common factor of 99 and 2277.
99
Calculate the greatest common divisor of 5838 and 84.
42
Calculate the greatest common divisor of 156 and 84.
12
Calculate the highest common factor of 81 and 513.
27
What is the greatest common divisor of 1525 and 50?
25
What is the greatest common factor of 8 and 10888?
8
What is the highest common divisor of 2329 and 34?
17
What is the highest common factor of 2905 and 140?
35
What is the greatest common divisor of 112 and 42?
14
Calculate the greatest common factor of 2852 and 92.
92
What is the highest common divisor of 39 and 832?
13
Calculate the highest common divisor of 64 and 4.
4
Calculate the highest common divisor of 136 and 246.
2
What is the greatest common divisor of 48 and 120?
24
Calculate the greatest common factor of 3922 and 481.
37
What is the highest common divisor of 19 and 50?
1
Calculate the greatest common divisor of 128 and 1.
1
What is the greatest common factor of 322 and 69?
23
Calculate the highest common divisor of 351 and 10335.
39
Calculate the greatest common divisor of 3159 and 13.
13
Calculate the greatest common divisor of 42 and 525.
21
Calculate the greatest common divisor of 20 and 340.
20
Calculate the greatest common factor of 43 and 817.
43
What is the highest common divisor of 910 and 5?
5
What is the greatest common factor of 18 and 54?
18
What is the highest common divisor of 45 and 3?
3
What is the greatest common factor of 19 and 7277?
19
What is the highest common divisor of 29 and 841?
29
Calculate the greatest common divisor of 9888 and 1545.
309
Calculate the greatest common divisor of 323 and 608.
19
What is the greatest common divisor of 8 and 968?
8
Calculate the highest common divisor of 6789 and 248.
31
Calculate the highest common factor of 3185 and 65.
65
What is the highest common divisor of 45 and 2910?
15
Calculate the greatest common factor of 171 and 76.
19
Calculate the greatest common divisor of 101 and 2727.
101
What is the highest common divisor of 2169 and 15?
3
What is the greatest common divisor of 650 and 25?
25
What is the greatest common divisor of 12 and 1173?
3
What is the greatest common factor of 736 and 230?
46
Calculate the highest common divisor of 19 and 1216.
19
Calculate the greatest common divisor of 15 and 95.
5
What is the highest common divisor of 68 and 34?
34
What is the highest common factor of 656 and 32?
16
What is the highest common factor of 9 and 477?
9
Calculate the greatest common divisor of 126 and 144.
18
Calculate the greatest common factor of 63 and 994.
7
What is the greatest common divisor of 174 and 69?
3
What is the highest common divisor of 273 and 3913?
91
Calculate the highest common divisor of 703 and 19.
19
Calculate the greatest common divisor of 506 and 242.
22
Calculate the highest common factor of 11275 and 1100.
275
What is the highest common divisor of 4 and 164?
4
Calculate the highest common divisor of 90 and 130.
10
Calculate the greatest common divisor of 846 and 18.
18
What is the highest common factor of 133 and 875?
7
What is the greatest common factor of 720 and 45?
45
What is the highest common divisor of 296 and 259?
37
Calculate the greatest common divisor of 73 and 3139.
73
What is the highest common divisor of 1155 and 275?
55
Calculate the greatest common divisor of 39 and 2990.
13
Calculate the highest common factor of 14 and 1904.
14
Calculate the greatest common divisor of 1413 and 36.
9
Calculate the gre